+ 259. Calculate the greatest common factor of z and 405.
15
Suppose -4*v + 2196 = 4*t, -1048 = -4*v - 2*t + 1150. What is the greatest common divisor of v and 950?
50
Suppose 2545*j - 2553*j = -816. What is the greatest common divisor of j and 51?
51
Let b = -426 - -517. Let w = -212 + 357. Let s = w - b. What is the highest common factor of 18 and s?
18
Let i = -6397 + 11637. What is the greatest common factor of i and 40?
40
Let b(w) = 5*w + 4. Let l be b(10). Let r = 7478 - 6902. Calculate the greatest common factor of l and r.
18
Suppose -26 = -2*l - 2. Let m be (0 + 1)*(-1 - -59). Suppose 12*v - 10*v - m = -f, 0 = 4*f + 2*v - 202. Calculate the highest common divisor of f and l.
12
Suppose 0 = -4*q - f + 259, -2*q + 6*q + 3*f - 257 = 0. Let m = -35 + q. Calculate the highest common divisor of m and 140.
10
Suppose -5*o + 539 = -v + 4*v, -4*o + 3*v = -415. Suppose o + 609 = 5*q. Calculate the highest common divisor of 26 and q.
13
Let p be 4/(-14) + (-456)/(-28). Let o be (28/(-42))/(1/(-6)). Suppose -3*v + 4*q + 60 = 0, v = -o*q + 4 + 32. What is the greatest common divisor of p and v?
8
Let r(s) = s**2 + 16*s - 137. Let w be r(19). Let f = 548 - w. What is the greatest common divisor of 110 and f?
10
Let l = 76 + -61. Suppose 4*m - l*m = -264. Calculate the highest common factor of 60 and m.
12
Let g(i) = i**3 + 3*i**2 - 58*i + 10. Let f be g(-9). Calculate the greatest common factor of 6 and f.
2
Let w be ((-60)/45)/((-2)/198). Suppose 0 = -39*o + 45*o - w. Calculate the highest common factor of o and 44.
22
Let f be (1 - -7)/(2139/(-714) - -3). Suppose 32*x = -2*x + f. What is the highest common factor of x and 2?
2
Let r be 782 - 5 - -1 - 2. Calculate the highest common factor of r and 873.
97
Suppose -5*j - 19 + 44 = 0, 4*i - 2*j - 4314 = 0. Calculate the greatest common divisor of i and 138.
23
Let r be ((-10280)/(-160))/(1 + 3/(-4)). Suppose 0 = u - r + 233. Let i(x) = 15*x**2 - 5*x - 4. Let t be i(4). Calculate the greatest common divisor of t and u.
24
Let t(k) = k**3 + k**2 + 5*k - 44. Suppose -2 = -3*u + 10. Let a be t(u). What is the highest common divisor of 280 and a?
56
Let c be 5384/(-6)*(-738)/492. What is the highest common divisor of 2 and c?
2
Suppose -i = 5*u - 5249 + 187, 3*i = -u + 990. What is the highest common factor of 6 and u?
6
Let n(o) = -2*o**3 - 35*o**2 - 14*o + 173. Let l be n(-17). What is the highest common divisor of l and 2?
2
Let r(x) = 197*x + 865. Let p be r(-3). Calculate the greatest common factor of p and 10.
2
Let p be (11439/465)/(2/30). What is the highest common divisor of p and 117?
9
Let z(d) = d**3 - 25*d**2 + 144*d + 14. Let b be z(9). Calculate the highest common divisor of 8834 and b.
14
Let t be ((-10)/50 + -1)/((-6)/260). Calculate the greatest common factor of t and 143.
13
Let h(q) = -q**2 - 16*q + 5. Let p be h(-10). Suppose -280368 = -40*d - 4*d. Let n be (-2)/9 - d/(-243). What is the greatest common factor of n and p?
13
Let c(b) = 4*b. Let i be c(-2). Let g be (-72)/(-42)*1*28/(-8). Let o be (-2 + i/g)/((-4)/54). What is the greatest common factor of 9 and o?
9
Let y be -11 + 53*(-10)/20*-2. What is the highest common divisor of y and 16191?
21
Let i(c) = -8*c - 76. Let g be i(-7). Let s be 1/(-4) - (605/g + -4). What is the highest common factor of 17 and s?
17
Let y = -52 - -67. Suppose 0 = -4*s - h + 87 - 29, 2*h = -4. Calculate the highest common factor of s and y.
15
Suppose 15*r - 13088 = -2048. What is the highest common divisor of r and 23?
23
Let w = -112 + 132. Suppose -x + 2*u + w = -92, 4*u = x - 120. What is the greatest common factor of x and 260?
52
Let s(y) = 2*y**2 - 3*y + 3. Let z be s(4). Suppose -v = o - 28, -v - 97*o + 43 = -93*o. What is the greatest common divisor of v and z?
23
Let c = 247 - 201. Let j be c - ((-4)/(-5))/((-3)/15). Calculate the highest common factor of j and 100.
50
Suppose -26 = -3*c + 5*x, -c - 3*x = x - 3. Let g = -65 + 575. Let q = 573 - g. What is the highest common factor of c and q?
7
Let b be -3*(-8)/6*1. Let o(x) = 4*x + 99. Let l be o(b). Calculate the greatest common divisor of 23 and l.
23
Let b = 48 - 30. Suppose -28*i - 30 = -86. What is the highest common divisor of b and i?
2
Suppose 38*v - 130 = 36*v. Let d = v - 57. Calculate the highest common divisor of d and 536.
8
Let j = -3565 + 5018. Let l = 1508 - j. Let a be 2/(-3) + 167/3. Calculate the greatest common factor of l and a.
55
Let t = 1052 + -1060. Let r(m) = -21*m - 3. Let g be r(-6). Let z = g + t. What is the greatest common factor of z and 46?
23
Let r(v) = -8*v + 310. Let p be r(-31). Calculate the highest common divisor of p and 2418.
186
Let z(n) = 557*n + 3. Let b be z(0). Calculate the greatest common factor of 1317 and b.
3
Suppose -56*i - 37*i + 49011 = 0. Calculate the greatest common factor of i and 748.
17
Let p be 11212/6 + 10/(-45)*3. What is the highest common divisor of p and 4?
4
Suppose 0 = -3*j - 4*j + 140. Let f = 1475 - 1365. What is the greatest common divisor of j and f?
10
Suppose f + 25 = 4*j, -4*j - 2*f + 10 = -12. Let x be 2/j + (-280)/84 + 27. Calculate the greatest common divisor of 78 and x.
6
Suppose -696 = 41408*d - 41414*d. What is the highest common divisor of d and 2987?
29
Let h(a) = -a**2 - 14*a + 20. Let f be h(-5). Suppose -934 - f = -p. Calculate the highest common divisor of p and 27.
27
Suppose -24*n - 4 = -26*n. Suppose n*y + f = 23, 2*f = 6 - 4. What is the highest common divisor of y and 33?
11
Suppose g - k = -2, 4*g + 2*k - 22 = -0*g. Let y = -116 - -1. Let q = y - -154. Calculate the greatest common factor of q and g.
3
Let y be (14/(-4))/(14/(-308)). Let a be (-20)/(-14)*y/22. Suppose 13 = -a*b + 63. What is the greatest common divisor of 30 and b?
10
Let c = -483 - -524. Suppose 5*s - c = 4. What is the greatest common factor of 8 and s?
1
Suppose -131 - 58 = 3*l. Let c = l - -61. Let p = 27 - c. What is the greatest common divisor of p and 145?
29
Suppose -372*f + 314*f - 220 = -3004. Calculate the greatest common factor of f and 339.
3
Let u be (-4)/((-2)/(-2))*(-45)/90. Suppose u*a - 579 = -3*g, -4*a = g - 683 - 470. Calculate the highest common divisor of a and 240.
48
Suppose 5*d = -4*z + 68, 0*d = -d + 2*z + 22. Let x be (-12)/(4/6*-3). Suppose -x*i - 6*i = -1536. What is the highest common divisor of i and d?
16
Let b = -2888 + 6246. Calculate the greatest common factor of b and 46.
46
Suppose -6*q + 5*q + 11 = 0. Let s be (-16)/6*((-11)/(-2) + -4). Let z be (2 + -4 - s)/((-9)/(-198)). Calculate the greatest common factor of q and z.
11
Let o be (-43)/(-9) + 2/9. Suppose o*k + 10 = -4*w + 7, 3*w - 3 = -2*k. Calculate the greatest common divisor of w and 192.
3
Suppose -2*r + 83 + 51 = 0. Suppose 1 = -m, -8*m + 4*m - r = -3*s. Calculate the greatest common factor of 105 and s.
21
Let v(w) = -4*w - 38. Let s be v(22). Let a = s - -129. Calculate the highest common factor of 16 and a.
1
Suppose 0 = -2*c - q - 1149, -q + 2855 = 4*c - 9*c. Let y = -332 - c. Calculate the greatest common divisor of y and 40.
40
Let h = 416 - 376. Let a = 69 - h. Calculate the greatest common divisor of a and 232.
29
Suppose -3*v - 232 - 230 = 0. Suppose -3*i + 4*k = -640, -5*i + 2*k = -3*i - 430. Let a = v + i. What is the greatest common factor of a and 6?
6
Let c be (98/(-10))/(70/350) + -7. Let l(a) = 33*a - 2. Let u be l(2). Let z = u + c. Calculate the greatest common divisor of 8 and z.
8
Let i = 1270 + -867. What is the greatest common factor of i and 143?
13
Let n be 7 + -4 + -2 - -4. Suppose -2*r + 2*p + 25 = -p, n*r = -p + 54. Calculate the highest common divisor of r and 33.
11
Suppose -b - 3*c = -0*c - 141, c - 149 = -b. Let d(f) = f**2 - 507*f + 31337. Let x be d(72). What is the greatest common divisor of b and x?
17
Let m be (1 + 0)/(9/45). Suppose 0 = -m*i + 368 + 87. Let n = 1033 - 1020. Calculate the greatest common factor of n and i.
13
Suppose -4*u = a - 50, -191*a = -188*a - 5*u - 201. What is the highest common divisor of a and 3162?
62
Suppose 2*y + 293 = -5*h, 237 = h - 5*h + y. Let a = 105 + h. Calculate the greatest common divisor of 322 and a.
46
Suppose 24*q - 2*b = 346980, -3*q + 10*b - 5*b + 43401 = 0. What is the highest common factor of 158 and q?
79
Suppose 5*l - 682 = -6*g + 9*g, 8*l - 5*